hat is the greatest common divisor of v and 209?
19
Let t = 50 - 23. Calculate the highest common divisor of t and 18.
9
Suppose -1 - 11 = -4*j. Let d(h) = h**2 - 2*h - 2. Let w be d(j). What is the greatest common factor of 8 and w?
1
Let s = 2 - 0. Let g = 3 + -2. Suppose -g + 5 = 2*n. What is the greatest common factor of n and s?
2
Let p(z) = z**3 - 11*z**2 - 9*z - 16. Let i be p(12). Calculate the greatest common factor of i and 30.
10
Suppose -4*g = 278 - 110. Let p be g/(-3) - 4/2. What is the greatest common divisor of 60 and p?
12
Let s be ((-6)/15)/(2/(-70)). Let k = 7 + -4. Suppose d - 15 - 44 = -3*l, k*d = -l + 169. What is the greatest common divisor of s and d?
14
Suppose 5*f - 20 = 0, -32 - 44 = -4*i - 3*f. What is the highest common factor of 16 and i?
16
Let z = 116 + -114. Let v = -14 + 32. What is the greatest common factor of z and v?
2
Let a = 4 - 4. Let k = a + 160. What is the greatest common factor of k and 20?
20
Suppose 0 = 4*b - c - 136, 43 + 68 = 3*b - 3*c. Calculate the greatest common divisor of b and 3.
3
Suppose -2 - 26 = -2*a. Calculate the greatest common factor of a and 7.
7
Suppose 71 + 209 = m. Suppose 2*j + m = 7*j. Suppose 4 = h - 4. Calculate the highest common divisor of j and h.
8
Suppose 3*p = -4*q - 11, -4*q + 24 = -4*p - 0. Let u be 2 + -1 + 16 + -10. Calculate the highest common factor of q and u.
1
Let y be (-6 - -2)*(-10)/8. Let s = -8 + y. Let h be 191 - -2*(s + 2). What is the greatest common factor of h and 21?
21
Suppose -x + 8 - 2 = 2*n, -5*x - 2*n = -38. Let m be -1 - -3*2/(-6). Let y be 0/(-1) - (-18 - m). What is the highest common factor of y and x?
8
Suppose 0*w = -4*w + 64. Suppose 0*v = -18*v + 1152. Calculate the greatest common divisor of v and w.
16
Suppose v = -2*k + 6*k + 169, -2*v - 2*k + 388 = 0. Calculate the highest common divisor of v and 21.
21
Let b be (205/(-10))/(2/(-4)). Let z = b - 29. Calculate the highest common factor of 60 and z.
12
Let k(s) = s. Let c(h) = h**2 - 4*h - 1. Let p(f) = c(f) + 4*k(f). Let i be p(2). Calculate the greatest common divisor of 9 and i.
3
Let g be 1/(-3 + 110/35). What is the greatest common divisor of g and 28?
7
Let t = 22 + -17. Let m = t - 0. Let k = -22 + 37. What is the greatest common factor of m and k?
5
Suppose -3*q + 105 = 2*b + 2*q, -q = b - 57. Let c be (-49 - -1)*1/(-2). What is the highest common divisor of c and b?
12
Suppose 0 = -y - 3 + 5. Suppose -23 - 18 = -y*j - w, -34 = -3*j + 4*w. Let d = 119 - -7. Calculate the highest common divisor of d and j.
18
Suppose 4*t = -117 + 845. Suppose 3*w - w - 187 = -5*v, 4*v = -2*w + t. Calculate the highest common factor of w and 54.
27
Let g(b) = 3*b + 21. Let y be g(9). Calculate the greatest common factor of y and 16.
16
Suppose -3*w = 0, j = -w + 3*w. Suppose c + 3 - 13 = j. Calculate the highest common divisor of c and 40.
10
Suppose n = -2*n. Suppose -3*k + 0 + 6 = n. What is the highest common divisor of k and 2?
2
Let y be (36/15)/((-6)/(-15)). Let j = y + 3. Calculate the highest common divisor of 1 and j.
1
Let y(l) = l**2 + 12*l + 17. Let n be y(-15). What is the highest common divisor of n and 155?
31
Suppose 4*n = -180 + 452. Suppose 0*l - l + 6 = 0. Suppose -l = -u + 11. Calculate the greatest common divisor of u and n.
17
Suppose -3*z + 1 = -5. Suppose 6*p - 80 = z*p. What is the highest common factor of 220 and p?
20
Let h(g) = -g**3 + 4*g**2 + g. Let w be ((-2)/(-3))/((-9)/(-54)). Let z be h(w). Let o be (-45)/6*z/(-3). What is the highest common divisor of 80 and o?
10
Let u(k) = -3*k - 3 + k + k. Let a be u(-5). Let i(f) = -f**2 + 15*f - 34. Let x be i(8). What is the greatest common divisor of x and a?
2
Suppose -p - 2*p = 3*x - 63, -5*p + 3*x = -137. Calculate the highest common divisor of p and 225.
25
Let q(t) = t**2 - 5*t + 4. Let u be q(4). Let x = 1 + u. What is the highest common divisor of 9 and x?
1
Let g = 2 - 2. Let a(b) = -b**3 + 16 + 0 + 2*b - 3*b. Let f be a(g). Calculate the greatest common divisor of f and 16.
16
Suppose -2*h = -7*h + 720. Let p be (-2)/3 + 2391/9. Let c = p - h. Calculate the greatest common factor of c and 11.
11
Let o(d) be the first derivative of -d**4/4 + 10*d**3/3 + d**2/2 - 10*d + 1. Let h be o(7). What is the highest common factor of h and 18?
18
Let q be (1 + 87)*(-4)/(-8). What is the greatest common factor of q and 22?
22
Let b be (-2 + 11)*1 - 0. Suppose 0 = s + 3*z - 54, 0*s + s + 5*z - 48 = 0. What is the greatest common factor of b and s?
9
Let p(c) = 3*c**2 - c + 11*c + 3*c + 8. Let y be p(-8). Calculate the highest common divisor of 12 and y.
12
Suppose 4*u = 16, -2*c + 4*u = -5*c - 2. Let y be c/(-8)*(-360)/(-2). Calculate the greatest common divisor of 54 and y.
27
Suppose 195 = i + 2*i. Suppose -i = -3*z - 2*b, -42 = 4*z - 5*b - 121. What is the highest common divisor of 14 and z?
7
Let b = 91 - 49. What is the greatest common factor of 6 and b?
6
Let s = 85 - 61. What is the greatest common factor of 24 and s?
24
Let p(k) = 16*k - 1. Let l be p(1). Let w be 596/6 + (-13)/39. Let g = w - 69. What is the highest common factor of l and g?
15
Let h(i) be the first derivative of i**3/3 - 3*i**2/2 - 4*i - 3. Let v be h(6). What is the highest common factor of v and 42?
14
Let k = 12 - -14. What is the greatest common factor of 182 and k?
26
Suppose -25 = -5*c, 0 = 4*z - 0*c + 4*c - 236. What is the highest common factor of 189 and z?
27
Suppose 5*i = -2 + 17. Suppose 29 + 28 = i*h. What is the greatest common divisor of 57 and h?
19
Suppose 3*x - 69 = -0*x. Calculate the greatest common divisor of x and 253.
23
Suppose 0 = 3*g - j - 3 - 4, -g = 4*j - 24. Calculate the greatest common divisor of 36 and g.
4
Suppose 0*y = -y + 3. Suppose 0 = -l - 3*b + 15, 5*l + 5*b - 59 = 16. What is the greatest common factor of l and y?
3
Suppose -p = -18 - 73. Suppose 3*s - 4*s = 56. Let t = s + p. Calculate the highest common divisor of t and 7.
7
Let s = 10 + -6. Let i be (-489)/(-6) + (-2)/s. Let n = -33 + i. What is the highest common divisor of n and 32?
16
Let f be 4/(-6)*(-26 + 2). Let w = 53 - -59. Calculate the greatest common factor of f and w.
16
Let f be 32/3 - -2 - 4/6. Calculate the greatest common divisor of 9 and f.
3
Let h be (0/2)/((-3)/(-3)). Suppose h = 3*n + 5*j - 66, -5*n + 4*n + 39 = -4*j. Calculate the highest common factor of 18 and n.
9
Suppose 0*c + 2*v = -c + 4, -v = -c + 7. Let i = 8 - 5. What is the greatest common factor of i and c?
3
Suppose -8 = -4*c, -3*s - 6*c + 2*c + 50 = 0. Calculate the greatest common divisor of 112 and s.
14
Let y = -40 - -42. Calculate the highest common factor of y and 8.
2
Let p be 40/12*(3 + 0). Let m = 19 - p. What is the highest common factor of m and 63?
9
Let x(a) = 9*a**2 - 15*a - 9. Let w(j) = 4*j**2 - 7*j - 4. Let g(n) = 7*w(n) - 3*x(n). Let t be g(5). What is the highest common factor of t and 16?
4
Suppose 0 = -5*l + l + 32. What is the highest common factor of l and 8?
8
Let y be (6/5)/(36/90). Suppose -4*x + 18 = j, -y*j + 18 = 5*x - 8. What is the greatest common factor of j and 8?
2
Suppose 4*v = -4*f + 8, -26 = 3*f - 4*f + 5*v. Let m(b) = -b - 6. Let u be m(-6). Suppose 4 = q - u. Calculate the greatest common divisor of q and f.
2
Let g be (-5 + 1)*(-2 + -5). Let t = 7 + -5. Let r = 2 + t. What is the highest common factor of g and r?
4
Suppose 3*w + 32 = -w. Let g(v) = 3*v - 12. Let s be g(9). Let c = s + w. Calculate the highest common factor of c and 49.
7
Suppose -2*i = -8 - 2. Suppose 5*n + 3*x - 40 = -i, -5*x + 25 = 0. What is the greatest common divisor of 6 and n?
2
Let o(n) = 3*n - 12. Let y be o(7). Calculate the highest common divisor of 3 and y.
3
Let p = -33 + 89. Let s(q) = -5*q**2 + 12 + 6*q + 4*q**2 - 5. Let v be s(6). Calculate the greatest common divisor of v and p.
7
Let i(g) = -6*g + 2. Let y be i(-3). Calculate the greatest common divisor of y and 160.
20
Let l be (54/(-15))/((-4)/10). Let o(k) = k**3 - 7*k**2 + 8*k - 6. Let c be o(6). Calculate the highest common divisor of c and l.
3
Let w(u) be the third derivative of -u**6/120 + u**5/5 + 17*u**4/24 + u**3/3 - 3*u**2. Let p be w(13). What is the highest common divisor of 6 and p?
6
Let p(i) = -28*i + 4. Suppose 3*h + 4*z + 0 - 1 = 0, 3*z = 4*h + 32. Let c be p(h). Let r = c - 74